58?
5
What is the hundreds digit of 2260?
2
What is the units digit of 5919?
9
What is the tens digit of 5812?
1
What is the tens digit of 761?
6
What is the hundreds digit of 5400?
4
What is the hundreds digit of 6815?
8
What is the units digit of 1654?
4
What is the units digit of 543?
3
What is the tens digit of 61907?
0
What is the units digit of 2022?
2
What is the units digit of 295?
5
What is the tens digit of 951?
5
What is the thousands digit of 8463?
8
What is the tens digit of 1198?
9
What is the tens digit of 14047?
4
What is the hundred thousands digit of 123066?
1
What is the thousands digit of 1668?
1
What is the units digit of 4503?
3
What is the hundreds digit of 3804?
8
What is the hundreds digit of 258?
2
What is the tens digit of 125186?
8
What is the hundreds digit of 3647?
6
What is the thousands digit of 118306?
8
What is the thousands digit of 4788?
4
What is the units digit of 30222?
2
What is the tens digit of 2011?
1
What is the units digit of 19025?
5
What is the units digit of 51930?
0
What is the units digit of 13656?
6
What is the thousands digit of 101006?
1
What is the units digit of 7404?
4
What is the units digit of 15148?
8
What is the tens digit of 316?
1
What is the units digit of 29376?
6
What is the ten thousands digit of 23418?
2
What is the tens digit of 2623?
2
What is the units digit of 8912?
2
What is the ten thousands digit of 38082?
3
What is the tens digit of 2823?
2
What is the tens digit of 317?
1
What is the tens digit of 2360?
6
What is the units digit of 56915?
5
What is the ten thousands digit of 66976?
6
What is the thousands digit of 1885?
1
What is the hundreds digit of 11675?
6
What is the units digit of 6817?
7
What is the units digit of 9511?
1
What is the units digit of 451?
1
What is the units digit of 10891?
1
What is the hundreds digit of 20685?
6
What is the tens digit of 20972?
7
What is the thousands digit of 26294?
6
What is the ten thousands digit of 31740?
3
What is the hundreds digit of 457?
4
What is the thousands digit of 2296?
2
What is the ten thousands digit of 37455?
3
What is the thousands digit of 6354?
6
What is the units digit of 810?
0
What is the hundreds digit of 11061?
0
What is the units digit of 76855?
5
What is the thousands digit of 63228?
3
What is the units digit of 1070?
0
What is the tens digit of 8804?
0
What is the hundreds digit of 1876?
8
What is the units digit of 15559?
9
What is the tens digit of 3267?
6
What is the ten thousands digit of 58498?
5
What is the hundred thousands digit of 104105?
1
What is the hundreds digit of 1488?
4
What is the hundreds digit of 2349?
3
What is the tens digit of 332?
3
What is the thousands digit of 5121?
5
What is the tens digit of 1325?
2
What is the tens digit of 16192?
9
What is the thousands digit of 37391?
7
What is the thousands digit of 1236?
1
What is the thousands digit of 30569?
0
What is the hundreds digit of 322?
3
What is the units digit of 8324?
4
What is the hundreds digit of 4316?
3
What is the hundreds digit of 123355?
3
What is the thousands digit of 3122?
3
What is the ten thousands digit of 104822?
0
What is the tens digit of 18284?
8
What is the thousands digit of 12224?
2
What is the ten thousands digit of 22020?
2
What is the units digit of 194?
4
What is the units digit of 3997?
7
What is the tens digit of 3883?
8
What is the units digit of 624?
4
What is the units digit of 9141?
1
What is the ten thousands digit of 87525?
8
What is the tens digit of 3757?
5
What is the thousands digit of 2028?
2
What is the units digit of 45263?
3
What is the units digit of 2678?
8
What is the tens digit of 4071?
7
What is the tens digit of 308?
0
What is the tens digit of 252?
5
What is the tens digit of 8031?
3
What is the units digit of 41609?
9
What is the hundreds digit of 8224?
2
What is the ten thousands digit of 112756?
1
What is the units digit of 966?
6
What is the ten thousands digit of 38037?
3
What is the tens digit of 3993?
9
What is the units digit of 88?
8
What is the tens digit of 13158?
5
What is the hundreds digit of 439?
4
What is the tens digit of 4575?
7
What is the units digit of 15660?
0
What is the tens digit of 2520?
2
What is the units digit of 5365?
5
What is the ten thousands digit of 47828?
4
What is the thousands digit of 2338?
2
What is the thousands digit of 35346?
5
What is the hundreds digit of 2936?
9
What is the hundreds digit of 47933?
9
What is the units digit of 172272?
2
What is the hundreds digit of 1634?
6
What is the thousands digit of 47301?
7
What is the thousands digit of 68756?
8
What is the thousands digit of 5667?
5
What is the units digit of 2793?
3
What is the ten thousands digit of 10828?
1
What is the tens digit of 659?
5
What is the units digit of 12056?
6
What is the hundreds digit of 13640?
6
What is the hundreds digit of 20483?
4
What is the units digit of 99?
9
What is the hundreds digit of 864?
8
What is the hundreds digit of 49590?
5
What is the units digit of 7146?
6
What is the tens digit of 503?
0
What is the tens digit of 1201?
0
What is the thousands digit of 1116?
1
What is the units digit of 992?
2
What is the tens digit of 28832?
3
What is the tens digit of 62009?
0
What is the hundreds digit of 167027?
0
What is the hundreds digit of 36692?
6
What is the tens digit of 86342?
4
What is the thousands digit of 5294?
5
What is the hundreds digit of 475?
4
What is the tens digit of 70?
7
What is the ten thousands digit of 71048?
7
What is the hundreds digit of 305?
3
What is the tens digit of 6300?
0
What is the tens digit of 2061?
6
What is the tens digit of 431?
3
What is the hundreds digit of 13503?
5
What is the thousands digit of 2230?
2
What is the units digit of 4838?
8
What is the thousands digit of 7152?
7
What is the tens digit of 357?
5
What is the tens digit of 1270?
7
What is the units digit of 3320?
0
What is the hundreds digit of 31234?
2
What is the hundred thousands digit of 131790?
1
What is the hundreds digit of 451?
4
What is the tens digit of 113711?
1
What is the thousands digit of 36306?
6
What is the units digit of 9673?
3
What is the tens digit of 7889?
8
What is the hundreds digit of 3046?
0
What is the units digit of 294?
4
What is the units digit of 72?
2
What is the tens digit of 4240?
4
What is the tens digit of 14337?
3
What is the units digit of 70985?
5
What is the tens digit of 3175?
7
What is the hundreds digit of 7769?
7
What is the hundreds digit of 105?
1
What is the tens digit of 26085?
8
What is the hundreds digit of 45756?
7
What is the tens digit of 1512?
1
What is the hundreds digit of 3182?
1
What is the tens digit of 8501?
0
What is the units digit of 10911?
1
What is the tens digit of 8008?
0
What is the thousands digit of 31481?
1
What is the tens digit of 527?
2
What is the tens digit of 285?
8
What is the tens digit of 240?
4
What is the thousands digit of 12215?
2
What is the hundreds digit of 10559?
5
What is the thousands digit of 96313?
6
What is the thousands digit of 64397?
4
What is the units digit of 11836?
6
What is the thousands digit of 15376?
5
What is the ten thousands digit of 10846?
1
What is the ten thousands digit of 19584?
1
What is the hundreds digit of 9698?
6
What is the units digit of 5683?
3
What is the hundreds digit of 79580?
5
What is the ten thousands digit of 27025?
2
What is the tens digit of 1451?
5
What is the units digit of 28507?
7
What is the units digit of 873?
3
What is the units digit of 1704?
4
What is the tens digit of 24206?
0
What is the tens digit of 10598?
9
What is the hundreds digit of 37122?
1
What is the units digit of 6920?
0
What is the thousands digit of 52602?
2
What is the tens digit of 9997?
9
What is the units digit of 1611?
1
What is the units digit of 16018?
8
What is the ten thousands digit of 14094?
1
What is the hundreds digit of 361?
3
What is the units digit of 52294?
4
What is the units digit of 155143?
3
What is the thousands digit of 58808?
8
What is the tens digit of 1597?
9
What is the units digit of 3174?
4
What is the thousands digit of 2344?
2
What is the tens digit of 12592?
9
What is the units digit of 7816?
6
What is the thousands digit of 20744?
0
What is the units digit of 89?
9
What is the units digit of 60618?
8